{"id":2547,"date":"2025-07-30T09:39:20","date_gmt":"2025-07-30T07:39:20","guid":{"rendered":"https:\/\/chs-containergroup.com\/de\/?post_type=chs_job_offer&#038;p=2547"},"modified":"2026-04-02T11:51:35","modified_gmt":"2026-04-02T09:51:35","slug":"industrielackierer-m-w-d-2","status":"publish","type":"chs_job_offer","link":"https:\/\/chs-containergroup.com\/de\/jobs\/industrielackierer-m-w-d-2\/","title":{"rendered":"Industrielackierer (m\/w\/d)"},"content":{"rendered":"\n<h2 class=\"wp-block-heading\">Wir bieten Ihnen<\/h2>\n\n\n\n<ul class=\"wp-block-list\">\n<li>Eine selbstst\u00e4ndige und abwechslungsreiche T\u00e4tigkeit mit vielf\u00e4ltigen Aufgaben in einem dynamisch wachsenden mittelst\u00e4ndischen Unternehmen.<\/li>\n\n\n\n<li>Flache Hierarchien und die M\u00f6glichkeit sich durch eigene Ideen und Engagement im Unternehmen aktiv einzubringen.<\/li>\n\n\n\n<li>Einen Arbeitsplatz in einem engagierten Team und eine fordernde und verantwortungsvolle Position.<\/li>\n\n\n\n<li>Umfangreiche soziale Leistungen wie betriebliche Altersvorsorge, Firmenfitness, betriebliche Krankenzusatzversicherung, E-Bike Leasing etc.<\/li>\n<\/ul>\n\n\n\n<h2 class=\"wp-block-heading\">Ihr Profil<\/h2>\n\n\n\n<ul class=\"wp-block-list\">\n<li>Sie k\u00f6nnen eine erfolgreiche Ausbildung zum Industrielackierer (m\/w\/d), Lackierer (m\/w\/d), Maler (m\/w\/d) o.\u00e4. nachweisen.<\/li>\n\n\n\n<li>Berufserfahrung in der Lackierung und gute Erfahrung industrieller Spritzverfahren (Airless-Verfahren).<\/li>\n\n\n\n<li>Sie arbeiten sorgf\u00e4ltig, ordentlich und haben ein gutes Bewusstsein f\u00fcr Qualit\u00e4t.<\/li>\n\n\n\n<li>Sie sind zuverl\u00e4ssig, teamf\u00e4hig und k\u00f6rperlich belastbar.<\/li>\n<\/ul>\n\n\n\n<h2 class=\"wp-block-heading\">Ihre Aufgaben<\/h2>\n\n\n\n<ul class=\"wp-block-list\">\n<li>Industrielle Lackierarbeiten an unseren Spezialcontainern.<\/li>\n\n\n\n<li>Eigenst\u00e4ndige Abarbeitung der Lackierauftr\u00e4ge.<\/li>\n\n\n\n<li>Vorbereiten der Oberfl\u00e4chen (schleifen, spachteln etc.).<\/li>\n\n\n\n<li>Lackieren im Airless-Verfahren.<\/li>\n\n\n\n<li>Durchf\u00fchren von Versiegelungsarbeiten.<\/li>\n\n\n\n<li>Sicherstellen der einwandfreien Arbeitsqualit\u00e4t (Lackierergebnis, Schichtst\u00e4rken).<\/li>\n\n\n\n<li>Nachbereitung inkl. Ausbesserungs- und Kontrollarbeiten.<\/li>\n\n\n\n<li>Einhaltung der Arbeitssicherheit.<\/li>\n\n\n\n<li>Dokumentation der Arbeitsergebnisse und Materialverbr\u00e4uche.<\/li>\n\n\n\n<li>Mitwirken bei der Optimierung von Arbeitsabl\u00e4ufen.<\/li>\n<\/ul>\n\n\n\n<h2 class=\"wp-block-heading\">Ihre Bewerbung<\/h2>\n\n\n\n<p>Wir freuen uns auf Ihre vollst\u00e4ndigen Bewerbungsunterlagen mit Anschreiben, Lebenslauf und Zeugnissen, vorzugsweise per E-Mail.<\/p>\n\n\n\n<div class=\"wp-block-buttons is-layout-flex wp-block-buttons-is-layout-flex\">\n<div class=\"wp-block-button\"><a class=\"btn btn-primary wp-element-button\" href=\"https:\/\/chs-containergroup.com\/de\/karriere\/karriere-bei-chs\/stellenangebote\/\">Offene Stellenangebote<\/a><\/div>\n\n\n\n<div class=\"wp-block-button\"><a class=\"btn btn-primary wp-element-button\" href=\"https:\/\/chs-containergroup.com\/de\/ueber-uns\/ueber-chs\/ueber-uns\/\">\u00dcber uns<\/a><\/div>\n\n\n\n<div class=\"wp-block-button\"><a class=\"btn btn-primary wp-element-button\" href=\"https:\/\/chs-containergroup.com\/de\/karriere\/karriere-bei-chs\/chs-als-arbeitgeber\/\">CHS als Arbeitgeber<\/a><\/div>\n<\/div>\n","protected":false},"menu_order":13,"template":"","class_list":["post-2547","chs_job_offer","type-chs_job_offer","status-publish","hentry"],"acf":[],"_links":{"self":[{"href":"https:\/\/chs-containergroup.com\/de\/wp-json\/wp\/v2\/chs_job_offer\/2547","targetHints":{"allow":["GET"]}}],"collection":[{"href":"https:\/\/chs-containergroup.com\/de\/wp-json\/wp\/v2\/chs_job_offer"}],"about":[{"href":"https:\/\/chs-containergroup.com\/de\/wp-json\/wp\/v2\/types\/chs_job_offer"}],"wp:attachment":[{"href":"https:\/\/chs-containergroup.com\/de\/wp-json\/wp\/v2\/media?parent=2547"}],"curies":[{"name":"wp","href":"https:\/\/api.w.org\/{rel}","templated":true}]}}

<h2 class="wp-block-heading">Wir bieten Ihnen</h2>



<ul class="wp-block-list">
<li>Eine selbstständige und abwechslungsreiche Tätigkeit mit vielfältigen Aufgaben in einem dynamisch wachsenden mittelständischen Unternehmen.</li>



<li>Flache Hierarchien und die Möglichkeit sich durch eigene Ideen und Engagement im Unternehmen aktiv einzubringen.</li>



<li>Einen Arbeitsplatz in einem engagierten Team und eine fordernde und verantwortungsvolle Position.</li>



<li>Umfangreiche soziale Leistungen wie betriebliche Altersvorsorge, Firmenfitness, betriebliche Krankenzusatzversicherung, E-Bike Leasing etc.</li>
</ul>



<h2 class="wp-block-heading">Ihr Profil</h2>



<ul class="wp-block-list">
<li>Sie können eine erfolgreiche Ausbildung zum Industrielackierer (m/w/d), Lackierer (m/w/d), Maler (m/w/d) o.ä. nachweisen.</li>



<li>Berufserfahrung in der Lackierung und gute Erfahrung industrieller Spritzverfahren (Airless-Verfahren).</li>



<li>Sie arbeiten sorgfältig, ordentlich und haben ein gutes Bewusstsein für Qualität.</li>



<li>Sie sind zuverlässig, teamfähig und körperlich belastbar.</li>
</ul>



<h2 class="wp-block-heading">Ihre Aufgaben</h2>



<ul class="wp-block-list">
<li>Industrielle Lackierarbeiten an unseren Spezialcontainern.</li>



<li>Eigenständige Abarbeitung der Lackieraufträge.</li>



<li>Vorbereiten der Oberflächen (schleifen, spachteln etc.).</li>



<li>Lackieren im Airless-Verfahren.</li>



<li>Durchführen von Versiegelungsarbeiten.</li>



<li>Sicherstellen der einwandfreien Arbeitsqualität (Lackierergebnis, Schichtstärken).</li>



<li>Nachbereitung inkl. Ausbesserungs- und Kontrollarbeiten.</li>



<li>Einhaltung der Arbeitssicherheit.</li>



<li>Dokumentation der Arbeitsergebnisse und Materialverbräuche.</li>



<li>Mitwirken bei der Optimierung von Arbeitsabläufen.</li>
</ul>



<h2 class="wp-block-heading">Ihre Bewerbung</h2>



<p>Wir freuen uns auf Ihre vollständigen Bewerbungsunterlagen mit Anschreiben, Lebenslauf und Zeugnissen, vorzugsweise per E-Mail.</p>



<div class="wp-block-buttons is-layout-flex wp-block-buttons-is-layout-flex">
<div class="wp-block-button"><a class="btn btn-primary wp-element-button" href="https://chs-containergroup.com/de/karriere/karriere-bei-chs/stellenangebote/">Offene Stellenangebote</a></div>



<div class="wp-block-button"><a class="btn btn-primary wp-element-button" href="https://chs-containergroup.com/de/ueber-uns/ueber-chs/ueber-uns/">Über uns</a></div>



<div class="wp-block-button"><a class="btn btn-primary wp-element-button" href="https://chs-containergroup.com/de/karriere/karriere-bei-chs/chs-als-arbeitgeber/">CHS als Arbeitgeber</a></div>
</div>
